{"version":"1.0","provider_name":"","provider_url":"https:\/\/orchard-gallery.com\/de\/","author_name":"Tommy","author_url":"https:\/\/orchard-gallery.com\/de\/author\/tommy\/","title":"Fedor Nemec -","type":"rich","width":600,"height":338,"html":"<blockquote class=\"wp-embedded-content\" data-secret=\"cO3Trj0MA9\"><a href=\"https:\/\/orchard-gallery.com\/de\/artists\/fedor-nemec\/\">Fedor Nemec<\/a><\/blockquote><iframe sandbox=\"allow-scripts\" security=\"restricted\" src=\"https:\/\/orchard-gallery.com\/de\/artists\/fedor-nemec\/embed\/#?secret=cO3Trj0MA9\" width=\"600\" height=\"338\" title=\"&#8222;Fedor Nemec&#8220; &#8211; \" data-secret=\"cO3Trj0MA9\" frameborder=\"0\" marginwidth=\"0\" marginheight=\"0\" scrolling=\"no\" class=\"wp-embedded-content\"><\/iframe><script type=\"text\/javascript\">\n\/* <![CDATA[ *\/\n\/*! This file is auto-generated *\/\n!function(d,l){\"use strict\";l.querySelector&&d.addEventListener&&\"undefined\"!=typeof URL&&(d.wp=d.wp||{},d.wp.receiveEmbedMessage||(d.wp.receiveEmbedMessage=function(e){var t=e.data;if((t||t.secret||t.message||t.value)&&!\/[^a-zA-Z0-9]\/.test(t.secret)){for(var s,r,n,a=l.querySelectorAll('iframe[data-secret=\"'+t.secret+'\"]'),o=l.querySelectorAll('blockquote[data-secret=\"'+t.secret+'\"]'),c=new RegExp(\"^https?:$\",\"i\"),i=0;i<o.length;i++)o[i].style.display=\"none\";for(i=0;i<a.length;i++)s=a[i],e.source===s.contentWindow&&(s.removeAttribute(\"style\"),\"height\"===t.message?(1e3<(r=parseInt(t.value,10))?r=1e3:~~r<200&&(r=200),s.height=r):\"link\"===t.message&&(r=new URL(s.getAttribute(\"src\")),n=new URL(t.value),c.test(n.protocol))&&n.host===r.host&&l.activeElement===s&&(d.top.location.href=t.value))}},d.addEventListener(\"message\",d.wp.receiveEmbedMessage,!1),l.addEventListener(\"DOMContentLoaded\",function(){for(var e,t,s=l.querySelectorAll(\"iframe.wp-embedded-content\"),r=0;r<s.length;r++)(t=(e=s[r]).getAttribute(\"data-secret\"))||(t=Math.random().toString(36).substring(2,12),e.src+=\"#?secret=\"+t,e.setAttribute(\"data-secret\",t)),e.contentWindow.postMessage({message:\"ready\",secret:t},\"*\")},!1)))}(window,document);\n\/* ]]> *\/\n<\/script>\n","description":"[vc_row curly_padding=&#8220;content-padding&#8220; css=&#8220;.vc_custom_1504195713546{padding-bottom: 0px !important;}&#8220;][vc_column][vc_column_text] SLOWAKISCHER FOTOGRAFFedor Nemec [\/vc_column_text][\/vc_column][vc_column width=&#8220;1\/3&#8243;][vc_single_image image=&#8220;3225&#8243; img_size=&#8220;full&#8220; style=&#8220;xtd-shadow&#8211;normal-light&#8220; el_class=&#8220;xtd-offset-frame&#8220;][vc_btn title=&#8220;Gehe in den e-shop&#8220; style=&#8220;btn-outline-primary&#8220; shape=&#8220;square&#8220; align=&#8220;center&#8220; link=&#8220;url:https%3A%2F%2Fwww.artisticostores.com%2Fde%2Fprodukt-kategorie%2Ffedor-nemec-de%2F|title:Fedor%20Nemec%20Artistico||&#8220;][\/vc_column][vc_column width=&#8220;2\/3&#8243; offset=&#8220;vc_col-lg-offset-1 vc_col-lg-7&#8243;][vc_column_text] Fedor Nemec\u00a0wurde am 20. September 1956 in Bratislava geboren. Im Jahre 1976 absolvierte er die Sekundarschule f\u00fcr Kunst und Handwerk in Bratislava bei Professor Tom\u00edk, Studienrichtung Fotografie. Sp\u00e4ter entwickelte er sein Talent auf diesem Gebiet [&hellip;]"}

[vc_row curly_padding=&#8220;content-padding&#8220; css=&#8220;.vc_custom_1504195713546{padding-bottom: 0px !important;}&#8220;][vc_column][vc_column_text] SLOWAKISCHER FOTOGRAFFedor Nemec [/vc_column_text][/vc_column][vc_column width=&#8220;1/3&#8243;][vc_single_image image=&#8220;3225&#8243; img_size=&#8220;full&#8220; style=&#8220;xtd-shadow&#8211;normal-light&#8220; el_class=&#8220;xtd-offset-frame&#8220;][vc_btn title=&#8220;Gehe in den e-shop&#8220; style=&#8220;btn-outline-primary&#8220; shape=&#8220;square&#8220; align=&#8220;center&#8220; link=&#8220;url:https%3A%2F%2Fwww.artisticostores.com%2Fde%2Fprodukt-kategorie%2Ffedor-nemec-de%2F|title:Fedor%20Nemec%20Artistico||&#8220;][/vc_column][vc_column width=&#8220;2/3&#8243; offset=&#8220;vc_col-lg-offset-1 vc_col-lg-7&#8243;][vc_column_text] Fedor Nemec wurde am 20. September 1956 in Bratislava geboren. Im Jahre 1976 absolvierte er die Sekundarschule für Kunst und Handwerk in Bratislava bei Professor Tomík, Studienrichtung Fotografie. Später entwickelte er sein Talent auf diesem Gebiet [&hellip;]
